at is the remainder when d(14) is divided by 57?
49
What is the remainder when (-2)/(-6)*(-351)/(-195)*190 is divided by 105?
9
Suppose -x - 22 = -3*x. Let d(m) = -m**2 + 12*m - 8. Suppose 3*t = -5*f - 0*f + 51, 24 = 2*f + 3*t. Calculate the remainder when d(f) is divided by x.
8
Suppose -2*a + 13 = b, -3*a + b = -2*b + 3. Suppose a*c + 11 - 19 = 0. What is the remainder when c is divided by 1?
0
Suppose -4*o = -5*o - 29. Let p = 49 + o. Calculate the remainder when 56 is divided by p.
16
Suppose -1215*z + 30 = -1212*z. What is the remainder when 89 is divided by z?
9
Let b = 3897 - 2076. Calculate the remainder when b is divided by 114.
111
Let h = 949 - 918. Calculate the remainder when 183 is divided by h.
28
Let c = 311 + -183. Let n = -93 + c. What is the remainder when 174 is divided by n?
34
Let g be (-5 - -72)*(-1 + 2). Suppose 3*z = -3*j + 66, -g = -5*z - j + 39. Let y = -19 + 31. What is the remainder when z is divided by y?
9
Let m = -5 - -4. What is the remainder when 30 is divided by ((-68)/6)/(m*4/6)?
13
Suppose -7*f = -2*f - 25. Suppose -f*d + 4*n + 3229 = 0, 2*d = -d + 3*n + 1935. Calculate the remainder when (d/(-33))/(1/(-3)) is divided by 16.
11
Let k(h) be the third derivative of -h**5/60 + 11*h**4/24 + 3*h**3/2 + 3*h**2. Calculate the remainder when 21 is divided by k(11).
3
Let t(a) be the third derivative of 7*a**6/120 - a**5/15 + 2*a**3/3 + 12*a**2. Calculate the remainder when t(2) is divided by 12.
8
Suppose -4*w = -3*o - 118, 3*o = 2*o + 3*w - 46. Let d = 59 + o. Let u = -7 + 21. What is the remainder when d is divided by u?
11
Suppose -209 = -13*l + 181. What is the remainder when l is divided by 11?
8
Let k(x) = x**2 + 4*x + 8. Let g be k(-2). Suppose g*b + 5*s - 269 = 0, -b + 4*s = 2*s - 51. What is the remainder when b is divided by 23?
15
Suppose -2 = 2*p - 8. Suppose 0 = 17*f - 199 + 12. What is the remainder when f is divided by p?
2
Let q(t) = -8*t**2 - 2*t + 9. Let z(r) = 17*r**2 + 4*r - 19. Let m(k) = -5*q(k) - 2*z(k). Let n = 107 + -68. What is the remainder when n is divided by m(2)?
18
What is the remainder when 349 is divided by (-1548)/(-108) + 8/(-6)?
11
Let c be 4/18 + 50/18. Suppose -o - 5*q = -20, 2*q + 79 = c*o - 2*q. Calculate the remainder when (1*74)/(0 - -1) is divided by o.
24
Suppose 200 = 6*i + 74. Calculate the remainder when 124 is divided by i.
19
Let q = -117 - -121. Suppose 2*x = 2*d + 20, q*x + 9*d = 5*d + 48. Calculate the remainder when 52 is divided by x.
8
Let d = 114 + -67. What is the remainder when d is divided by (-12)/(-8) + 145/10?
15
Suppose -2*g = 5*m - 2098, -6*m = g - m - 1054. What is the remainder when 8/(-10) + g/30 is divided by 12?
10
Suppose -2*f - 338 = -5*g, f - 4 = -3. Let c = -8 - 4. Let p = 22 + c. What is the remainder when g is divided by p?
8
Let c(z) = 2*z**3 - z**2 - 4*z - 3. Let a be c(5). Let s = a - 108. Suppose 5*h = -3*j + s, 54 + 0 = 3*h + 3*j. What is the remainder when 57 is divided by h?
17
Calculate the remainder when 58 is divided by (12/(-10))/2*-60.
22
Suppose -4*n = d - 177, 2*n + 3*n - 223 = -3*d. What is the remainder when 130 is divided by n?
42
Let d(j) = -j**2 + 2*j + 11. Let v(p) = -p + 1. Let f(t) = d(t) + 3*v(t). Calculate the remainder when 68 is divided by f(0).
12
Let t(a) = a**3 - 36*a**2 + 8*a - 37. Let h be t(36). Suppose -5*n - 259 - 611 = 0. Let k = n + h. Calculate the remainder when k is divided by 16.
13
Let k = -166 - -179. Calculate the remainder when 24 is divided by k.
11
Let b(w) be the second derivative of w**4/6 + w**3/3 - 9*w. Calculate the remainder when 71 is divided by b(-3).
11
Let w be (-2)/(4/(-27))*2. Let s = w - -17. Calculate the remainder when s is divided by 15.
14
Let h(y) = -2*y**3 - 31*y**2 + 18*y + 49. What is the remainder when h(-16) is divided by 2?
1
Suppose 0*i - 135 = 5*i. Let s = i + 46. Suppose 0 = -a - 3*d + 4*d + 12, 4*a + 5*d = 39. What is the remainder when s is divided by a?
8
Let x(i) = 4*i - 7. Let r be x(2). What is the remainder when 7 is divided by 1 + r + 0 + -1?
0
Suppose 4*i = 3*f - 4, 3*i = 7 - 1. Calculate the remainder when 14 is divided by f.
2
Let h = 2520 + -1772. What is the remainder when h is divided by 94?
90
Let t(y) = y**2 + 2*y - 14. Let x(r) = -r**3 + 8*r**2 - 7*r - 3. Calculate the remainder when x(6) is divided by t(-6).
7
Let t be 3 + 18/3 + -2. Suppose -t*c + 5*c = u - 65, 0 = -u - 5*c + 80. What is the remainder when u is divided by 14?
13
Suppose -26 = -4*x - 2*g + 4, 2*g = -5*x + 39. What is the remainder when 33 is divided by x?
6
Suppose 0 = b + 1 + 2. Suppose 4*l = 32 - 0. Let r = b + l. What is the remainder when 9 is divided by r?
4
Suppose -4*m - p = m - 109, p + 89 = 4*m. Let z(t) = -t**2 + 4*t + 9. What is the remainder when m is divided by z(3)?
10
Suppose 694 = 4*l + 3*z, 2*z + 510 = 3*l - z. Suppose i + l = 5*i. Let a(n) = -8*n - 1. Calculate the remainder when i is divided by a(-3).
20
Suppose 3*c + 5*x - 9*x - 501 = 0, -351 = -2*c - 3*x. What is the remainder when c is divided by 29?
26
Let h(t) = -5*t - 10. Suppose 8 = -4*n, 3*w - 32 = -4*n - n. Suppose 3*a + 3*k = 54, -3*k + 72 + w = 5*a. Calculate the remainder when h(-8) is divided by a.
14
Suppose -10 = -4*u + m, 0 = -2*u + 4*m + 19 - 7. Suppose -p = u*c - 21 - 55, 4*c - 4*p = 128. What is the remainder when c is divided by 13?
10
Let v be -4*3/(-84) - 104/(-7). Suppose 0 = -i - 4*w - 21 + 83, -3*w + v = 0. What is the remainder when i is divided by 22?
20
Suppose -3*t + 15 = 9. Suppose u - r + 0*r - 18 = 0, 5*u + 3*r = 82. Suppose -t*w + 3*w - u = 0. What is the remainder when w is divided by 9?
8
Suppose 5 = -10*x - 5. What is the remainder when (-8)/(-64)*844 + x/2 is divided by 36?
33
Suppose 4*q - 4*l = 224, -174 = 2*q - 6*q - 6*l. Calculate the remainder when 277 is divided by q.
22
Let p(r) = r**2 - 3*r**2 - r**3 + 6*r - 1 + 4. Suppose 48 + 292 = 17*t. Calculate the remainder when t is divided by p(-4).
9
Suppose 13*n - n + 684 = 0. Let w = n + 160. What is the remainder when w is divided by 26?
25
Let o(y) be the third derivative of -y**4/8 - y**3/3 - 4*y**2. Let z be 6*4/(-30)*5. What is the remainder when o(z) is divided by 6?
4
Suppose 0 = 10*a - 585 + 265. Calculate the remainder when 37 is divided by a.
5
Suppose -w + 25 = 2*s, 4*w - 110 = -0*w + 2*s. What is the remainder when 184 is divided by w?
22
Suppose u - 3*g - 3894 = -4*u, -2*g = -4*u + 3114. What is the remainder when u is divided by 39?
36
Let h be (3 - (-5)/(-2))*6. Let f(b) = -4 - 2*b - 3*b**3 + 3*b**2 + 4*b**h + 1. What is the remainder when 8 is divided by f(-2)?
3
Let k(r) = 2*r**3 - 13*r**2 + 17*r - 19. What is the remainder when 185 is divided by k(6)?
44
Let y(v) = -26*v + 1. Let t(o) be the first derivative of -65*o**2 + 4*o + 3. Let s(q) = 3*t(q) - 14*y(q). What is the remainder when s(-1) is divided by 9?
6
Suppose 0 = -7*m - 0 + 42. What is the remainder when -3 - -19 - -2 - 1 is divided by m?
5
Let b(s) = -s**3 - 6*s**2 - 4*s + 10. Let d be b(-5). Suppose -2*j + 5 = -1, -d*m + 5*j = -220. Calculate the remainder when m is divided by 18.
11
Suppose 0 = -12*r - 64 + 244. Let u be ((-94)/6)/(2/(-12)). Suppose -4*l - u = -2*n, 59 - 192 = -3*n + 2*l. Calculate the remainder when n is divided by r.
13
Let v(l) = 49*l + 250. What is the remainder when 192 is divided by v(-4)?
30
Let z = 1 - -3. Suppose t - 15 = 5*o - 0*o, 0 = z*t - 4*o + 20. Let d = t - -14. What is the remainder when d is divided by 4?
0
Let p(v) = -9*v - 47. What is the remainder when 74 is divided by p(-8)?
24
Let o be (11 + -11)*(-2)/(-4). Let l(s) = -2*s**2 + 2*s + 24. What is the remainder when 68 is divided by l(o)?
20
Suppose -4*j + 50 = -2*v, 59 = 4*j - v - 4*v. Suppose j = 5*g - 4*g. Calculate the remainder when 18 is divided by g.
7
Calculate the remainder when 53 is divided by (-14)/((200/(-16))/25).
25
Suppose 7 = 4*a + 11. Suppose -48 = -2*f - 2*f. Let k = a + f. Calculate the remainder when k is divided by 6.
5
Suppose 3*b + 1 = -f - 14, -10 = 2*f + 2*b. Suppose f = -3*n + 10*n - 105. What is the remainder when 87 is divided by n?
12
Let s = -230 + 234. What is the remainder when 15 is divided by s?
3
Let x(i) = -i**2 - 24*i + 46. What is the remainder when x(-23) is divided by 12?
9
What is the remainder when 21 is divided b